et m(y) = 2196*y**2 - 56*y - 23. Is m(-11) prime?
False
Let x be (-1)/2 + 99/6. Let j = x + -10. Suppose -j*m + 974 = -40. Is m a prime number?
False
Let v be (-6)/(-15) - (-12)/(-5). Let g(n) = 3*n**2 + 10*n - 87. Let i be g(-7). Is (12/i)/(v/85) prime?
False
Let y = 32 - 18. Suppose -h + 8*h - y = 0. Suppose -18 + 272 = h*d. Is d prime?
True
Let h(y) = -y**3 + 8*y**2 + 23*y + 5. Let f be h(10). Let s be 7 - (3/5 + (-187)/(-55)). Suppose -5*u + f = r + 3*r, -u = s*r - 18. Is u prime?
True
Suppose 34*y + 30*y = -22*y + 14428306. Is y composite?
False
Suppose 0*i + 10 = 2*i, 301 = -4*u + 5*i. Let k = -69 - u. Is 1*1/((-3)/(-2517) + k) a composite number?
False
Suppose -2 = a + 1. Let p(j) = -344*j + 73. Let y(r) = -86*r + 17. Let h(v) = -2*p(v) + 9*y(v). Is h(a) a composite number?
True
Suppose 5*s = -7*a + 4*a + 3128, 4*a = 3*s + 4219. Suppose -5*b = -3*p + a, -3*b - 293 = 2*p + 349. Is (-13)/(852/b - -4) composite?
True
Let l(k) = 69*k + 32. Let a be (-23 - -10)*(3 - (-3 + 7)). Is l(a) a composite number?
False
Let v be 2*(-3)/2 + 9516. Suppose -18*q = -20205 - v. Is q prime?
False
Let i = -1575 + 1574. Let l(m) = 4*m + 1. Let y be l(-1). Is -1*(y + 616)*i prime?
True
Suppose -5*v + 4*z = -1607, 5*v + 3*z - z - 1619 = 0. Suppose -4*w - 3*q = q - 1260, v = w + 3*q. Is w prime?
True
Suppose 3*h = 9*h - 30. Suppose z - i - 1127 = 0, h*z + 4*i + 196 = 5813. Suppose 907 + z = 8*o. Is o prime?
False
Let g(n) = 21*n + 4142. Let k be g(0). Suppose 4 = -3*v - 8, -2*b + v + k = 0. Is b a composite number?
False
Suppose 3*w - s = 3131, -5*s + 1033 = 65*w - 64*w. Suppose 0 = 5*g - 4720 + 1390. Suppose 0 = -l + g + w. Is l composite?
False
Let p(l) = 29506*l + 159. Is p(5) a prime number?
True
Let n(z) = -4008*z - 11. Let h be n(-3). Suppose 6008 = u + 7*y - 6*y, -y - h = -2*u. Is u composite?
False
Let y be (-511476)/252 - (1 + -2)/(-3). Let r = y - -4191. Is r a composite number?
False
Is (-2740433)/(-387) + (-116)/36 + 3 a prime number?
False
Let s be (-1176)/10 - 0 - 27/(-45). Let c = s + 334. Is c a composite number?
True
Let i be 32 - (35/7 - 0). Suppose i*y = 5*y + 142714. Is y a prime number?
False
Let p(q) = -138*q. Let m(f) = -139*f + 1. Let s = -14 + 18. Let d(w) = s*p(w) - 5*m(w). Is d(8) composite?
True
Let u = -17253 + 170132. Is u prime?
True
Let g be (21/6 + -5)/((-6)/8). Suppose -v - h = -87, 4*v + h + g*h = 350. Is v prime?
True
Suppose -1 = -31*u - 1. Suppose u = -16*s + 25654 + 8698. Is s a prime number?
False
Suppose -45833750 - 55229742 = -93*r - 23*r. Is r a composite number?
True
Let b be (0 - 0)/(6 - 5). Let d(i) = 4*i**2 - 2*i + 5261. Is d(b) a composite number?
False
Let m(a) = 2*a**3 - 97*a**2 - 208*a - 211. Is m(64) composite?
False
Let k(s) = -44*s**3 - 14*s**2 - 9*s - 67. Is k(-10) a prime number?
False
Let t(b) = 846*b**2 - 1331*b + 31. Is t(16) a composite number?
False
Let j = -194767 - -296034. Is j a composite number?
False
Let g(t) = 48*t**2 - 10*t - 15. Let j be g(-10). Suppose -5*x - 5*u + 2619 = -2251, -j = -5*x - 2*u. Is x prime?
False
Let l(p) = 6*p**2 - 88*p - 739. Is l(-53) a composite number?
True
Is (1 - (5 - 10))*(-2492485)/(-15) + 3 composite?
True
Let g(l) = 12391*l - 12661. Is g(12) composite?
True
Let a(x) = -15544*x + 959. Is a(-18) prime?
True
Let c = 3040600 + -2147223. Is c prime?
False
Is (-3*40/9 - 6)*3183/(-2) a composite number?
True
Suppose 3763*x - 3760*x - 538487 = 4*b, 2*b = -5*x + 897487. Is x a composite number?
False
Let q(k) = 9*k + 502. Let s be q(22). Let i = -3 - -5. Suppose i*u - 7702 - s = 0. Is u a prime number?
True
Let o(s) = s**3 + 18*s**2 - 17*s - 21. Suppose 6*m - 2*m + 2*h - 22 = 0, 3*h - 3 = 0. Suppose 6*v = m*v - 17. Is o(v) a prime number?
True
Let c be (-3 - -2)/(-1*2/4110). Let p = 3046 - c. Is p composite?
False
Suppose -q - 4312 = -5*h + 2*h, 3*h - 4*q = 4324. Suppose 2*i = -2*c - h, -2*c - 2*c + i = 2857. Let j = 1206 + c. Is j composite?
False
Let p(k) = -8 + 3*k - 2 - 7. Let y(q) = 3*q**2 + 50*q - 5. Let f be y(-17). Is p(f) prime?
True
Let p(a) = -4*a - 9 + 15 - 9 + 3129*a**2 - 6*a - 12. Is p(-2) composite?
True
Is (-1122912)/(-9) + 2 + -5 a prime number?
False
Let u = -169749 - -276470. Is u a composite number?
False
Suppose 0 = -15*y + 519 + 24876. Let f = y + -873. Suppose 0 = 7*m - f - 2967. Is m a composite number?
False
Suppose -28099 = -h + 3*w, 4*h - 91713 - 20767 = -2*w. Is h a prime number?
False
Suppose -12487225 = -5*f - 5*z, f - 2*z = -z + 2497449. Is f a composite number?
False
Let x(u) = 15494*u**2 + 221*u + 646. Is x(-3) prime?
True
Let j(u) = -2*u + 3. Let w be j(3). Let b = -5283 + 5280. Is 4*445 - w/(b + 0) a prime number?
False
Suppose 8*a - 30*a = -264. Suppose -790 = -14*s + a*s - 2*m, -5*s + 3*m = -1991. Is s composite?
False
Let y(u) = 51*u**2 + 113*u + 11. Let l be y(-17). Let q = -8886 + l. Is q composite?
False
Is 5215 + (4/8)/(378/(-48) + 8) prime?
False
Let o(p) = -3980*p + 531. Is o(-5) a prime number?
True
Let j(h) = -1028*h - 15. Let a be j(-4). Suppose -5*q - 6*r + 6865 = -10*r, 3*q = -2*r + a. Is q a prime number?
False
Suppose -46894486 + 48429838 = -206*d + 107062766. Is d a prime number?
True
Let j(b) = 10459*b - 1280. Is j(33) a composite number?
True
Let a(v) = 2*v**3 - 4*v**2 + 68*v - 257. Is a(58) a prime number?
False
Let r be 143832/36 - (-4)/6. Let i = r + -985. Suppose 3557 + i = 4*a. Is a a prime number?
False
Let l(a) = -2*a**2 - a - 12. Let p be l(-5). Let z be (5 + -2 - p/(-15))*-1285. Suppose 3*b = -b + z. Is b a composite number?
False
Let s(n) = -7*n - 3*n - 38 + 3*n. Let y be s(-6). Suppose y*x = 2659 + 1113. Is x a prime number?
False
Suppose 16*v - 16736881 = -33*v. Is v composite?
False
Suppose -c = -13*n + 12*n - 6017, 3*c = -3*n + 18081. Let l = -2993 + c. Is l a prime number?
False
Suppose 6*w - 1721915 = 19*w. Is (-10)/7 + 2 + w/(-35) a composite number?
True
Suppose 4*h - 2*j = -h + 24937, -4*h + 4*j = -19952. Is h a composite number?
False
Is (-27)/(1620/105) + (1 - 1733661/(-12)) prime?
False
Is (166856*(-91)/14)/(-4) prime?
False
Let z(g) = g**3 + 2*g**2 - 16*g - 303. Is z(16) a prime number?
True
Suppose -1560804 - 3566726 = -95*m. Is m a composite number?
True
Suppose d - 6*d + 10 = -2*q, d = -2*q - 10. Is (-71284)/q - 12/(-60) a prime number?
False
Suppose 4*q + x = 81, -4*q = -6*x + 4*x - 78. Suppose 0 = q*w - 21*w + 2. Suppose -w*n + 4*n - 3*o = 3082, -5*n - 5*o = -7655. Is n composite?
True
Let w(i) = 2904*i + 165. Let z be w(31). Suppose -14*t - 3*x - z = -18*t, -5 = -x. Is t a prime number?
False
Suppose 4*x - 69*x = 78*x - 43299971. Is x a prime number?
False
Suppose 28*u - 4169293 + 1471540 - 3909883 = 0. Is u prime?
False
Let c(z) = 20638*z - 625. Is c(29) composite?
True
Let w = -159 + 69. Let q = w - -88. Is q/(-8 + 22) + 8366/7 prime?
False
Suppose 0 = 12*o + 3*o - 5203 + 1318. Is o composite?
True
Suppose 0 = -4*a - 16, 3*y - a - 4*a = 4658. Let c = y + -575. Is c composite?
False
Suppose q = -6*u + 547452, -4*u = -2*q - 147952 - 217032. Is u composite?
False
Let j = 120 + 228. Let r = 1849 - j. Is r a composite number?
True
Suppose 7 = -12*h + 31. Suppose 0 = -4*q + 3*k + 13679, -4*k + h*k = -4*q + 13678. Is q prime?
False
Is (-452)/(-12)*45505/(-38)*(-18)/15 a composite number?
True
Let j = 32125 - 21806. Is j a prime number?
False
Let h = 129 - 29. Suppose 839 = a + h. Is a a composite number?
False
Let w = -48927 + 378418. Is w a prime number?
False
Let t = 219995 + -83184. Is t prime?
True
Suppose -3*a + 47 - 170 = -n, -4*a - 164 = -2*n. Let q = a - -822. Is q prime?
False
Let u(z) = -162*z**3 + 6*z**2 - 31. Is u(-22) composite?
True
Let v be ((-826)/5)/(13/325). Suppose 11*j - 58429 - 8748 = 0. Let p = j + v. Is p a composite number?
True
Let b be 7*(-2 + (-12)/(-7)). Is b/((-24)/18369) - (-1)/4 a composite number?
False
Let o = -40245 + 24039. Let c be (-1 + (-1 - -14))/((-148)/o). Suppose -2*v + c = 2*u, -5*v + 2632 = -v + 5*u. Is v composite?
False
Suppose 10*h = -6*h - 632064. Is 17/85 + h/(-5) composite?
False
Let j(t) = -388*t - 4 - 2 - 1 + 393*t. Let u be j(5). Let o = 395 - u. Is o a prime number?
False
Let j = 14907 + -613. Let m = -9925 + j. Is m prime?
False
Suppose 34*f + 90 = 39*f. Suppose 81*c = f*c + 143577. Is c prime?
False
Suppose -l - 3*l = -0*l. Suppose j = -